 prime factors of 2055?
3, 5, 137
What are the prime factors of 4989?
3, 1663
What are the prime factors of 739?
739
What are the prime factors of 1159?
19, 61
What are the prime factors of 4401?
3, 163
What are the prime factors of 96311?
19, 37, 137
List the prime factors of 10382.
2, 29, 179
List the prime factors of 4288.
2, 67
What are the prime factors of 13488?
2, 3, 281
What are the prime factors of 22948?
2, 5737
List the prime factors of 3178.
2, 7, 227
What are the prime factors of 89403?
3, 17, 1753
What are the prime factors of 1614?
2, 3, 269
List the prime factors of 2449.
31, 79
List the prime factors of 23702.
2, 7, 1693
List the prime factors of 558.
2, 3, 31
What are the prime factors of 10548?
2, 3, 293
List the prime factors of 11479.
13, 883
List the prime factors of 312.
2, 3, 13
What are the prime factors of 704?
2, 11
What are the prime factors of 31377?
3, 10459
What are the prime factors of 452?
2, 113
List the prime factors of 4176.
2, 3, 29
List the prime factors of 5941.
13, 457
List the prime factors of 1117.
1117
What are the prime factors of 3894?
2, 3, 11, 59
List the prime factors of 1823.
1823
List the prime factors of 22526.
2, 7, 1609
List the prime factors of 3844.
2, 31
What are the prime factors of 5433?
3, 1811
What are the prime factors of 11628?
2, 3, 17, 19
List the prime factors of 4702.
2, 2351
What are the prime factors of 7192?
2, 29, 31
List the prime factors of 4073.
4073
What are the prime factors of 7687?
7687
List the prime factors of 52600.
2, 5, 263
What are the prime factors of 291?
3, 97
What are the prime factors of 7301?
7, 149
What are the prime factors of 1011?
3, 337
List the prime factors of 4218.
2, 3, 19, 37
List the prime factors of 1577.
19, 83
List the prime factors of 126490.
2, 5, 7, 13, 139
What are the prime factors of 2224?
2, 139
List the prime factors of 7316.
2, 31, 59
What are the prime factors of 9162?
2, 3, 509
List the prime factors of 15741.
3, 11, 53
List the prime factors of 987.
3, 7, 47
What are the prime factors of 1449?
3, 7, 23
List the prime factors of 7948.
2, 1987
List the prime factors of 8564.
2, 2141
What are the prime factors of 706?
2, 353
List the prime factors of 10595.
5, 13, 163
List the prime factors of 3803.
3803
What are the prime factors of 4881?
3, 1627
List the prime factors of 4827.
3, 1609
List the prime factors of 305.
5, 61
What are the prime factors of 912?
2, 3, 19
What are the prime factors of 25468?
2, 6367
What are the prime factors of 1204?
2, 7, 43
What are the prime factors of 1199?
11, 109
List the prime factors of 183.
3, 61
What are the prime factors of 648?
2, 3
What are the prime factors of 180182?
2, 23, 3917
List the prime factors of 942.
2, 3, 157
List the prime factors of 1901.
1901
What are the prime factors of 4852?
2, 1213
What are the prime factors of 23322?
2, 3, 13, 23
What are the prime factors of 2417?
2417
What are the prime factors of 4210?
2, 5, 421
What are the prime factors of 7281?
3, 809
What are the prime factors of 77029?
77029
List the prime factors of 959.
7, 137
List the prime factors of 13033.
13033
What are the prime factors of 1274?
2, 7, 13
List the prime factors of 1492.
2, 373
List the prime factors of 21111.
3, 31, 227
List the prime factors of 3528.
2, 3, 7
What are the prime factors of 15522?
2, 3, 13, 199
What are the prime factors of 49108?
2, 12277
What are the prime factors of 22011?
3, 11, 23, 29
What are the prime factors of 25830?
2, 3, 5, 7, 41
What are the prime factors of 23992?
2, 2999
List the prime factors of 102069.
3, 11, 1031
List the prime factors of 1000.
2, 5
What are the prime factors of 109?
109
List the prime factors of 688.
2, 43
List the prime factors of 148767.
3, 17, 2917
What are the prime factors of 7715?
5, 1543
List the prime factors of 276.
2, 3, 23
List the prime factors of 17663.
17, 1039
What are the prime factors of 1246?
2, 7, 89
What are the prime factors of 14005?
5, 2801
What are the prime factors of 1126?
2, 563
What are the prime factors of 12106?
2, 6053
List the prime factors of 64548.
2, 3, 11, 163
What are the prime factors of 3305?
5, 661
What are the prime factors of 368?
2, 23
List the prime factors of 2067.
3, 13, 53
List the prime factors of 2778.
2, 3, 463
List the prime factors of 4348.
2, 1087
What are the prime factors of 20?
2, 5
List the prime factors of 80215.
5, 61, 263
List the prime factors of 687.
3, 229
What are the prime factors of 10369?
10369
What are the prime factors of 1387?
19, 73
List the prime factors of 25248.
2, 3, 263
What are the prime factors of 3443?
11, 313
List the prime factors of 1282.
2, 641
What are the prime factors of 5542?
2, 17, 163
List the prime factors of 2842.
2, 7, 29
What are the prime factors of 2333?
2333
List the prime factors of 20057.
31, 647
List the prime factors of 3080.
2, 5, 7, 11
List the prime factors of 329.
7, 47
What are the prime factors of 534?
2, 3, 89
What are the prime factors of 10489?
17, 617
List the prime factors of 9750.
2, 3, 5, 13
What are the prime factors of 1682?
2, 29
What are the prime factors of 19059?
3, 6353
List the prime factors of 1127.
7, 23
List the prime factors of 3548.
2, 887
List the prime factors of 4468.
2, 1117
What are the prime factors of 9406?
2, 4703
List the prime factors of 18592.
2, 7, 83
List the prime factors of 37308.
2, 3, 3109
What are the prime factors of 866?
2, 433
What are the prime factors of 4218?
2, 3, 19, 37
What are the prime factors of 2832?
2, 3, 59
What are the prime factors of 2641?
19, 139
List the prime factors of 231.
3, 7, 11
What are the prime factors of 2037?
3, 7, 97
List the prime factors of 452.
2, 113
List the prime factors of 3423.
3, 7, 163
What are the prime factors of 1166?
2, 11, 53
List the prime factors of 9401.
7, 17, 79
What are the prime factors of 46083?
3, 15361
List the prime factors of 1217.
1217
What are the prime factors of 56606?
2, 11, 31, 83
What are the prime factors of 43807?
71, 617
List the prime factors of 5706.
2, 3, 317
List the prime factors of 5840.
2, 5, 73
List the prime factors of 12764.
2, 3191
List the prime factors of 819.
3, 7, 13
What are the prime factors of 9487?
53, 179
List the prime factors of 3879.
3, 431
What are the prime factors of 10?
2, 5
What are the prime factors of 311?
311
What are the prime factors of 183?
3, 61
What are the prime factors of 4534?
2, 2267
List the prime factors of 8729.
7, 29, 43
What are the prime factors of 54423?
3, 6047
List the prime factors of 2495.
5, 499
What are the prime factors of 5393?
5393
What are the prime factors of 5300?
2, 5, 53
What are the prime factors of 5819?
11, 23
What are the prime factors of 120559?
31, 3889
List the prime factors of 109018.
2, 7, 13, 599
List the prime factors of 81.
3
What are the prime factors of 5025?
3, 5, 67
What are the prime factors of 92058?
2, 3, 67, 229
What are the prime factors of 6169?
31, 199
List the prime factors of 132700.
2, 5, 1327
List the prime factors of 108226.
2, 53, 1021
List the prime factors of 26725.
5, 1069
What are the prime factors of 6702?
2, 3, 1117
List the prime factors of 18560.
2, 5, 29
What are the prime factors of 6309?
3, 701
List the prime factors of 99547.
7, 14221
List the prime factors of 586.
2, 293
List the prime factors of 50607.
3, 5623
List the prime factors of 13757.
13757
List the prime factors of 1472.
2, 23
What are the prime factors of 11913?
3, 11, 19
List the prime factors of 24229.
24229
What are the prime factors of 731?
17, 43
List the prime factors of 6711.
3, 2237
List the prime factors of 2216.
2, 277
What are the prime factors of 1799?
7, 257
What are the prime factors of 737?
11, 67
What are the prime factors of 21507?
3, 67, 107
What are the prime factors of 7849?
47, 167
List the prime factors of 3811.
37, 103
List the prime factors of 55446.
2, 3, 9241
List the prime factors of 733.
733
What are the prime factors of 10668?
2, 3, 7, 127
What are the prime factors of 3575?
5, 11, 13
What are the prime factors of 566?
2, 283
What are the prime factors of 35144?
2, 23, 191
What are the prime factors of 58?
2, 29
List the prime factors of 14622.
2, 3, 2437
What are the prime factors of 11558?
2, 5779
List the prime factors of 3255.
3, 5, 7,